inder when g is divided by l.
18
Let i = -2 + 130. What is the remainder when i is divided by 13?
11
What is the remainder when 2*-9*(-184)/48 is divided by 10?
9
Suppose 0 = i - 2*t - 32, 5*t - 190 = -2*i - 3*i. Let v = -13 + i. Let s = 164 - v. Calculate the remainder when s is divided by 36.
33
Let v be -10*1/(-4) - (-5)/(-10). What is the remainder when 1 + (-4 - -83 - v) is divided by 27?
24
Let c = -8 - -5. Let l(h) = 6*h + 1. Let v be l(c). Let d = v - -22. What is the remainder when 14 is divided by d?
4
Suppose 0*l = 2*l + 4*y - 176, 3*y - 179 = -2*l. What is the remainder when l is divided by 49?
45
Suppose 28*s + 336 = 924. Calculate the remainder when 76 is divided by s.
13
Calculate the remainder when 546 is divided by 2/3 - 9888/(-72).
132
Suppose -l - 4 = -2*l. Suppose 3*d = -2*y - 7, -l*d + d - 23 = -2*y. Suppose -y*v + 8*v = 16. Calculate the remainder when v is divided by 2.
0
Let g(v) = v**2 - 22*v + 108. Calculate the remainder when g(4) is divided by 24.
12
Suppose -2*d + 3*z = -29, -d - 2*d + z + 47 = 0. Suppose -140 = -t - 148. Calculate the remainder when (-114)/(-4) + t/(-16) is divided by d.
13
Let x = -47 - -102. Calculate the remainder when x is divided by 33.
22
Suppose -1 - 2 = -p. Suppose n + 1 = -5*g, -2*g - 3*g - 2*n = -p. Calculate the remainder when 82 is divided by g + (-11)/(-1)*2.
19
Suppose -2*p + 4*a + 101 = -163, -5*p - 5*a + 690 = 0. What is the remainder when p is divided by 62?
12
What is the remainder when 141 is divided by (8 - (2 + 1))*(-49)/(-5)?
43
Let t be (2 - (-1 + 4)) + 3. Suppose 5*m = 234 - 44. Suppose 12 - m = -t*p. What is the remainder when 24 is divided by p?
11
Suppose 38 = 4*z + 10. What is the remainder when (459/(-27))/((-3)/6) is divided by z?
6
Suppose -4*k = -6*c + 3*c + 29, -3*k - 34 = -4*c. Let t = c + 20. Suppose -14*j = -17*j + 42. Calculate the remainder when t is divided by j.
13
Suppose -4*m = -m - 117. Suppose -2*u + 4*v = 202, -2*v - v - 81 = u. Let t = 107 + u. What is the remainder when m is divided by t?
11
Let f be 2/(-10) - 431/(-5). Let t be 2 + 3/(-1) + 1. Calculate the remainder when (f - t) + 0/(-1) is divided by 22.
20
What is the remainder when 226 is divided by 71 + 4/6*(-45)/(-30)?
10
Suppose -2*i + 54 = 4*i. Suppose -8 = -p + 3*q, 2*p + q = -q + 40. Calculate the remainder when p is divided by 2/(3/i - (3 - 3)).
5
Let q(v) = -8*v**3 - v**2 - v - 2. What is the remainder when q(-3) is divided by 4956/140 - 2/5?
33
Let q(c) = c**3 - c**2 - 2*c - 1. What is the remainder when 2*(-2 + (-335)/(-10)) is divided by q(3)?
8
Suppose -4*v = -7*v + 21. Let t(g) = -g**3 + 10*g**2 - 9*g - 9. Calculate the remainder when t(v) is divided by 13.
10
Let g = -97 + 177. What is the remainder when 552 is divided by g?
72
Suppose -239*r = -267*r + 1064. Calculate the remainder when 116 is divided by r.
2
Let g = 171 - 159. Calculate the remainder when 609 is divided by g.
9
Suppose 0 = 4*i, v - i - 4 = 2. Suppose -f = -v - 2. Suppose -a + f = -2*j, a - 2*a + 7 = -3*j. What is the remainder when 17 is divided by a?
7
Let j = -980 - -999. What is the remainder when 112 is divided by j?
17
Suppose -14*p + 333 = -5*p. Calculate the remainder when p is divided by 29.
8
Let v = -16 - -20. Suppose v*k - 15 = -k. Suppose 14 = k*m - 25. Calculate the remainder when m is divided by 8.
5
Let w = 11 + -18. Let k(q) = 2*q + 31. What is the remainder when 117 is divided by k(w)?
15
Suppose 20 = -4*q - 5*r, q + 0*q + 5 = r. What is the remainder when (-1 - -20)*(8 + (q - -6)) is divided by 29?
26
Let u be (-18)/(-4)*56/126. Suppose 0*y + u*f = 2*y - 58, -3*y = 4*f - 59. What is the remainder when 98 is divided by y?
23
Suppose -131 = -z - 4*j, -3*z + 2*j + 89 = -332. Calculate the remainder when z is divided by 48.
43
Suppose 4*h = -2*h + 96. What is the remainder when 556/9 - 6/(-27) is divided by h?
14
Let l be 2*36/30*(-320)/(-6). Calculate the remainder when l/2 - -2*(-9)/(-6) is divided by 18.
13
What is the remainder when 250 is divided by 1/(-5) + 543/15?
34
Let c be 3*155/(-60)*4. Let r = c - -54. What is the remainder when (-270)/(-4) + 3/6 is divided by r?
22
Let x = 708 - 651. Calculate the remainder when x is divided by 19.
0
Let q = -21 - -25. Suppose -35 = -2*t - q*g - 3, 3*g - 20 = -t. What is the remainder when 14 is divided by t?
6
Calculate the remainder when (-6 + (-36)/(-5))/((-2)/(-200)) is divided by 47.
26
Suppose 3*v - 2*w = 197, -5*v + 0*w = -4*w - 329. Suppose 13 = l - 3*y, -4*l = 2*y - 3*y - 85. What is the remainder when v is divided by l?
21
Suppose -2*i + 41 = -27. Suppose 5*p + 44 = d, -4*d - p + i + 37 = 0. Let o(c) = 3*c**2 - 3*c - 6. What is the remainder when o(-4) is divided by d?
16
Let b = -990 - -1005. What is the remainder when 95 is divided by b?
5
Suppose 0 = 100*v - 96*v - 44. Calculate the remainder when 39 is divided by v.
6
Let t = -34 + 39. Let n(p) = -p**2 - 18*p - 15. What is the remainder when n(-16) is divided by t?
2
Let h(y) = -104*y - 39. Calculate the remainder when h(-1) is divided by 28.
9
Suppose 2*n + o = 21, -2*o - 2*o = 5*n - 51. What is the remainder when 56 is divided by n?
1
Let d = 10 - 4. Suppose 0 = 3*g + 3*s - 357, 0 = -2*g - g + 3*s + 363. Suppose -d*z + z = -g. What is the remainder when z is divided by 9?
6
Suppose -4*b + 2*c + 6 = 0, -2*b + 4*b = -3*c + 15. Suppose 0 = -4*n - 12, -b*n - 193 = 2*j - 6*j. Calculate the remainder when 137 is divided by j.
45
Let v = 29 - 44. Let z = 67 + v. Suppose 5*a - z = a. What is the remainder when a is divided by 4?
1
Suppose 0*m = -m + 11. Let w = -601 + 608. What is the remainder when m is divided by w?
4
Suppose -5*q + 4 = -3*q. Let x be (q/3)/((-10)/(-45)). What is the remainder when 67 is divided by ((-17)/3)/(x/(-9))?
16
Calculate the remainder when 662/2 + 61 + -60 is divided by 12.
8
Let z(x) = 67*x - 12. Let i(u) = -135*u + 23. Let s(y) = 3*i(y) + 5*z(y). What is the remainder when s(-2) is divided by 50?
49
Suppose r - c - 760 = 362, 5*r + 4*c - 5583 = 0. Calculate the remainder when r is divided by 59.
57
Suppose 3*r = -5*f + 76, 2*r = 5*f + r - 68. What is the remainder when 67 is divided by f?
11
Suppose 0*j = -3*j - 24. Suppose -5*h + 3*i = -354, 8*i + 288 = 4*h + 4*i. What is the remainder when h is divided by (-3 - 30/j)*24?
15
Let x(p) = -48*p**2 - 2 + 1 - 2*p + 56*p**2. What is the remainder when 51 is divided by x(2)?
24
Calculate the remainder when 35 is divided by ((-602)/(-35) - -3) + 12/15.
14
Let i = 1199 + -320. Let v be i/21 - (-4)/28. Suppose 16 = -c + v. What is the remainder when 103 is divided by c?
25
Let y = 26 - 16. Suppose 110 = 40*q - 130. Calculate the remainder when y is divided by q.
4
Let o(y) = y + 1. Let q be o(2). Suppose -q*d - 7 = 11. Calculate the remainder when 22 is divided by 12/(-1)*3/d.
4
Suppose -9 = -y - 2. Calculate the remainder when (-2 - (4 - 5))*-32 is divided by y.
4
Let d(j) = 49*j - 317. Calculate the remainder when 524 is divided by d(8).
74
Let q(i) = -4*i + 27. Let k(f) = 4*f - 27. Let l(n) = 5*k(n) + 4*q(n). Let d(u) = -5*u - 4. Let o be d(-3). Calculate the remainder when 49 is divided by l(o).
15
Let u(c) = 8*c + 1. Let h be u(3). Suppose 10*y - 5*y + h = 0. Let v(n) = -n**3 - 3*n**2 + 6*n - 5. Calculate the remainder when v(y) is divided by 4.
3
Let f = 1613 - 1574. What is the remainder when f is divided by 10?
9
Let z be 410/15 - 2/(-3). Suppose z = 6*m + 124. Let o = m + 23. Calculate the remainder when 25 is divided by o.
4
Let r be 11 + (36/(-3))/4. Let m(y) = -5*y - 9. Let b be m(-5). Suppose -r*i + 4*i = -b. What is the remainder when 7 is divided by i?
3
Let t(h) = -h - 13. Let l be t(-16). Suppose -3*d = -l - 15. What is the remainder when 15 is divided by d?
3
Suppose 3*c + 8*b - 4*b = 357, 2*c = -2*b + 236. What is the remainder when 574 is divided by c?
114
Let m be 1132/14 - 5/(-35). Suppose 3*r = -2*u + m, 0 = -3*r - 2*r + 4*u + 157. Calculate the remainder when r is divided by 8.
5
Suppose -4*w - 5*a + 1 = 0, -14 = 7*w - 12*w - 2*a. What is the remainder when 18 is divided by w?
2
Let q = 21 - 6. What is the remainder when 184/(-276) - 1/((-6)/262) is divided by q?
13
Let w = 355 - 335. Calculate the remainder when w is divided by 13.
7
Suppose o - 2 = -7. Let s be ((-17)/o - 3)*-5. What is the rem